 - -30) + (9 - 25) - (-1 + -26)?
25
What is 37 + -72 + (56 - 18) - -102?
105
Evaluate (254 - 257) + (-6 - (68 + -13)).
-64
What is the value of 10 + (-37 - (-41 - -64))?
-50
What is 25 + (7 + -76 - -30) + 16 + -1 + -62?
-61
-2 - (139 - 1) - (-82 - -87 - 10)
-135
Calculate 0 - (-6 + (-1 - -3)) - ((-3 - -30) + -5).
-18
7 - (-32 + (-20 - -15 - -12) + -1 + 2)
31
What is the value of -9 - (4 + -21 + 29) - -20?
-1
What is 60 - ((18 - (11 + 2)) + -10 - (4 - 18))?
51
Calculate -30 + (1 - -10 - -30) + 49.
60
Evaluate 2 + 1 - (48 + -182 + 145).
-8
Evaluate -3 + -6 + 1 + (-39 - (3 - (-6 - 10))).
-66
What is -61 - (-47 + -6 + 22 + 28)?
-58
Evaluate (-20 - -5) + (-61 - -92).
16
What is the value of (-14 - 99 - -144) + -94?
-63
Calculate (13 - (12 + 4)) + 4 + (-3 - -7) + -13.
-8
Calculate -51 + 5 - (2 + (-19 + 0 - -6)).
-35
Calculate (321 + -322 - (2 - (-2 - -4))) + -12.
-13
Evaluate 10099 + -10088 + -55 + 0 + 0.
-44
What is (0 - 0 - (-1 + 41)) + (-46 - (-104 - -65))?
-47
55 + (0 - (-3 - -1)) + 123 + -255 + 135
60
Evaluate 34 - (-102 + -1) - 107.
30
-50 + 29 - -11 - (7 - 94)
77
Evaluate 32 + (34 - 35) + -14 + -3.
14
Calculate -4 + 0 + -113 + 125 - -33.
41
What is (-1 - -3 - -8) + (-299 - -257)?
-32
Evaluate 15 - (-14 - -40) - (-8 + (-4 - -2)).
-1
What is (52 - (-3 + (17 - 0))) + (-1 - -2)?
39
-54 + 46 - (2 - 18) - (-2 - 2)
12
-205 + 264 - (3 - 10 - 2)
68
What is -1 + 5 + 56 + 2 + (-23 - -19 - 2)?
56
(42 - 77 - -49) + (-4 - (35 - 4))
-21
What is (52 - (4 - -41)) + 5?
12
What is 32 - (33 - (-11 + 56) - (-11 - 1))?
32
What is -948 + 1037 - (184 + -14)?
-81
What is the value of 34 - ((-32 - (-12 + -13)) + 39)?
2
What is the value of 107 + 203 + -296 + (-1 - -3 - 1)?
15
Calculate 11 + (44 + 0 + (-218 - -228) - 13) + -3.
49
What is the value of -8 + (17 + -4 - (-9 + 0 - 1)) - -66?
81
Calculate 1 - (61 - (27 - 19)) - -12.
-40
Calculate (-29 - -73) + -29 + (-16 - -5) + (4 - 1).
7
What is -1 - -2 - (8 + 2) - (-66 + 65)?
-8
What is (-21 - -4) + -10 + -3 + 9?
-21
What is -30 + (4 - (2 + -17 - 74))?
63
Evaluate 68 - (11 - (-15 - (-32 - -19))).
55
Evaluate 6 + 79 - (1204 + -1152).
33
Evaluate 15 + (1 - -1 - 5) + (-37 - -59 - 14).
20
Calculate -157 - -112 - (-36 + 28).
-37
6 - (-12 + 11) - (0 + 14) - (0 - 88)
81
What is -9 - -41 - (-1 - 6) - -25?
64
-26 - -26 - (42 + (-1 - 3) + 6) - -2
-42
(50 - (58 - -7)) + -24
-39
What is -38 + (-11 - (-74 - -34)) + 69?
60
(23 - -20) + -15 + -89
-61
Evaluate 16 - (52 + 9) - -8.
-37
Evaluate -36 + (3 - (4 - 8) - 10) + 13.
-26
What is the value of (-21 - (26 - (38 + -5))) + -41?
-55
Evaluate -3 - 2 - (-91 - (2 - (-56 - -28))).
116
Evaluate -7 + 62 + 71 - 65.
61
(-1 - 5) + (8 - (-9 + -3 + (-24 - -30)))
8
What is the value of 64843 + -64860 + (0 + 1 - (-91 - 0))?
75
Evaluate -4 - -1 - (-8 - -10 - -18 - (27 - 18)).
-14
What is ((5 - -96) + -33 - -21) + 0?
89
Calculate 21 + -17 + 18 + -6 + -1.
15
What is 20 - (-13 + 33 + -12 - 30)?
42
What is 52 + -51 + -30 - -70?
41
What is the value of 6 - (-33 + 8) - (0 + -8 + 9)?
30
Evaluate (-235 - -439) + -67 - ((2 - 2) + 18).
119
Evaluate (0 - -54) + (953 - 1025).
-18
What is the value of 85 + -90 - ((3 - 0) + -1)?
-7
What is the value of (640 - 718) + (0 - -8)?
-70
What is 1 + 21 + -97 + 227 + -72 - 7?
73
What is 12 + (16 - 36) + -8 - (-115 + 3)?
96
Calculate 2 + (-1 - -54) + (13 - 42).
26
What is -3 + 1 + (-17 - (3 - 4)) + 20 - -48?
50
Evaluate (2 - -1) + -40 + -19 + -5 + -1 + -11.
-73
-55 + 15 - (-28 + -20) - -24
32
What is (-2 - (-1 - -1)) + 44 + (4 - (32 + -28))?
42
What is the value of 58 + (-13 - (0 - -6 - 1))?
40
What is the value of 4 - (-8 + (150 - (-40 + 54)))?
-124
Calculate (-9 - -148) + 0 + -1 - (4 - (43 + -43)).
134
What is 50 - ((0 - 124) + 288)?
-114
Evaluate 62 - ((114 - 50) + 9).
-11
What is the value of (1 - 10 - -10) + 38 + -44 + 43?
38
What is -48 - ((19 - 25) + -51)?
9
Evaluate -14 + -3 + 3 + 31 + -42 + 4 + -2.
-23
-44 + -36 + 101 + 23
44
What is the value of (122 - ((-47 - -29) + (14 - -2))) + -15?
109
Calculate 3 + -59 - (-31 + -12 + 5).
-18
Evaluate (12 - -5) + -3 - (-374 - -362).
26
12 - ((-10 - (-13 + 5 + 4)) + 4 - 37)
51
Evaluate -66 + 21 + (148 - 167).
-64
Evaluate (6 + -1 - -2) + (39 - (11 - -3)).
32
1 + -50 - (-10 + 3 + 6 + 12 + -10)
-50
Evaluate -31 + (-115 - -112) + (1 - -7).
-26
What is the value of 1 + -16 + (-9 - -26 - 10) - -2?
-6
What is 71 - (4 + (-11 - (-42 - -18)))?
54
Calculate (15 - -36) + 16 - -59.
126
Evaluate (2231 - 2174) + (-42 - -1).
16
What is the value of 17 + (2 - 1) - -16 - (0 - -7)?
27
What is 100 - (56 + -84 - (0 + -1))?
127
-48 + (-14 + 18 - -52)
8
What is the value of 3 - (-8 + (-7 + 8 - -6)) - 75?
-71
What is the value of -48 + (38 - 5) + 2 + 10 + (-2 - 3)?
-8
Evaluate (-47 - (-2 + 6 + -40)) + -70.
-81
-9 + 33 + 23 + -9 + (-3 + 0 - -1)
36
Evaluate 103 + (16 - -30 - 45) + -30.
74
Calculate 100 + (-112 - 92) + -34.
-138
25 + -88 + 75 + -56
-44
What is the value of (5 - -11) + (2 + -7 - 3) - (-86 - -55)?
39
Evaluate -4 - -8 - -43 - (-5 + 2).
50
What is 0 - (-59 - (7 - 14)) - (6 - (-3 + 7))?
50
What is the value of -5 + 3 + 4 + 21 + 7?
30
What is 4 + (25 + -39 + (13 - -8) - (4 - 1))?
8
What is the value of -7 - (-109 + (-18 - -12 - -9 - -10))?
89
Calculate 60 + (-78 - 0) - 66.
-84
What is -26 - (-1 + (-60 - -58) + (-5 - (-2 - -3)))?
-17
Evaluate -144 - (-137 + (-228 - -160)).
61
49 + (25 - 36 - 64)
-26
3 + -31 + 35 + 3 + 3 + -46
-33
Calculate (0 - -8) + (-7 - -10) - (14 + -6 - -90).
-87
-3 + -34 + (9 - -20) + -20
-28
Evaluate -26 - ((15 - 26) + -5 + 13 + -12 + 16).
-27
What is the value of -31 + -17 + 12 + (-22 + 9 - 2)?
-51
What is the value of 221 + -229 + (32 - 0)?
24
256 + -244 + (7 - -21 - 1) + -3
36
What is the value of 12 - (-216 - -209 - (3 - 2 - 23))?
-3
What is the value of (3 - -162) + -5 + 5 - (-139 - -165)?
139
What is the value of -78 - ((-17 - -9 - (0 + -5)) + (12 - 7))?
-80
What is 2 + (55 - 98) + 19?
-22
Evaluate 20 + (39 + -26 - (-1 - -4 - 10 - -12)).
28
Calculate 3 + 0 + -3 + 62 + (15 - 69).
8
-62 - (20 + -5 - -1 - 24)
-54
Calculate -21 + 17 - (24 + -14 - 76).
62
What is -2 + -18 - (-97 - -50 - -96)?
-69
What is -9 + -59 + -3 + 38 + (-36 - -20)?
-49
What is 2 + 1 - (-6 - -3) - (2 - 0)?
4
Calculate 7 + (-1 - 0) + (-161 - -160) + -2 + -28.
-25
Evaluate 0 + 34 + (-61 - -124 - 130).
-33
(-11 - -9 - -14 - 15) + -45 - -9
-39
What is the value of 2 - 6 - (-38 - 3) - (429 + -425)?
33
Evaluate 59 - (82 - (-64 + 75)).
-12
What is 16 - (-1 - (-7 - 7 - -8 - -1)) - 91?
-79
Calculate (18 + 13 - 141) + 65.
-45
What is the value of (15 - 13) + -14 + -4 + 8?
-8
Evaluate -46 - 4 - (7 + (-12 - 9)).
-36
Evaluate (-6 + -43 - (-33 + 68 - 26)) + (0 - 0).
-58
What is the value of (-41 - (-118 + 84)) + 38?
31
What is (357 - 173) + (-65 - 36)?
83
What is the value of 24 + (71 - (57 + -24) - -40)?
102
What is the value of (-11626 - -11530) + 2 + -18?
-112
Evaluate 111 + (9 - -29) + -14 + -27.
108
Evaluate 33 - (33 - (-2 - (-37 + 18))).
17
Calculate -60 + -32 + 56 - -31.
-5
What is the value of -122 + -10 + 7 - (97 + -127)?
-95
-82 + 0 - ((149 - 167) + (6 - -2))
-72
Calculate (-6 - 4) + 7 - -8 - (6 + 2) - -32.
29
What is (-43 - -31) + 56 - (-2 + (-1 - -16))?
31
What is -81 + -50 + 97 + 30?
-4
What is 2 + (-11 - -1) + (0 - -38) + 11?
41
Calculate -29 - (-23 + 1 + 11 - 10).
-8
Evaluate -17 + 20 + -45 + 14 + -48.
-76
Calculate (12 + 1 - (-26 + -22 + 82)) + 12.
-9
What is the value of (-8 - 48) + 72 - (60 + 2)?
-46
2 + (0 - -3) + (1409 - 1379)
35
(7 - -48 - -2) + -34
23
Evaluate -14 + 29 + -43 - (-5 + (2 - 1)).
-24
(149 - 290) + (-7 - -69)
-79
-9 + 60 + 0 + (-65 - (4 + -64))
46
What is (-7 - ((-49 - -4) + 3 + -22)) + (-8 - -1)?
50
1 + -3 - (-31 + 1 - (-1426 - -1411))
13
45 + (-47 + 18 - -2) + 28
46
Calculate -36 + 1 - (20 + -24 + (-1 - -12)).
-42
What is (3 - 57) + (42 - (16 + 8))?
-36
-22 + 4 + 17 - ((1 - (5 - 3)) + -11)
11
What is (-26 - (28 + -31 - 37)) + 0 + -57?
-43
Evaluate 2 - -11 - (215 + -251).
49
(-13 - 5) + 8 - (14 - (-4 - -38))
10
-161 + -19 + (25 - -29) + -28 + 1 + 2
-151
-2 + 12 - (11 + -4 + -6 - 0)
9
What is the value of -5555 - -5527 - (0 + (-17 - 0)) - -4?
-7
Evaluate 598 + -602 - (-81 + (0 - 2 - 3)).
82
What is the value of -114 - (-100 + 75 - 47)?
-42
What is the value of 32 - (20 - 42) - 16?
38
Calculate (5 - 3 - 1) + (-5 - -8) + -11.
